derivative of f**2/2 + 7*f - 1. Let o be i(-6). Let t = 5 - o. What are the prime factors of t?
2
Suppose -27 = -3*i - h, -5*i = -0*i + 3*h - 41. What are the prime factors of i?
2, 5
Let y = 7 - 3. Suppose l - 16 + 0 = -y*d, -3*d - 5*l = 5. What are the prime factors of d?
5
Suppose -2*i + 25 = -7*i, -2*y = i + 9. Let c(o) = o**2. Let a be c(y). List the prime factors of (-3)/6*-6 + a.
7
Let j be 5 - 2 - 3 - -2. Suppose -j*k = -7*k + 130. List the prime factors of k.
2, 13
Let j = -2 - -7. Suppose -j*a + 51 = -24. Suppose a - 7 = 4*g. What are the prime factors of g?
2
Suppose -i + 4*i + 261 = 0. Let b = i - -122. List the prime factors of b.
5, 7
List the prime factors of (-298)/(-12) - (-9)/54.
5
Let t be ((-5)/2)/(2/(-4)). Suppose -t*o + 35 = -45. What are the prime factors of o?
2
Let o = 17 - 29. List the prime factors of (21/o)/((-2)/24).
3, 7
Let a(l) = -l**2 + 4*l - 3. Let i be a(2). What are the prime factors of 23*i/2*2?
23
Let f be -3*((2 - 1) + -11). Suppose -j + 0*m = -m + f, 27 = -j + 2*m. Let z = 46 + j. What are the prime factors of z?
13
Let m(k) = k + 14. What are the prime factors of m(-3)?
11
Let f be 2/(-6) - (-414)/27. Let u = f + 8. What are the prime factors of u?
23
Suppose 0*p = -2*p + 24. What are the prime factors of p?
2, 3
Suppose -4*t + 84 = -t. List the prime factors of t.
2, 7
Let x = 39 + -18. List the prime factors of x.
3, 7
Suppose 0 = n - 100. What are the prime factors of n?
2, 5
Let w = -9 - -13. Let d(r) = r**3 - r**2 - 3. What are the prime factors of d(w)?
3, 5
Suppose -4*p - 3*q + 34 = -8, 0 = 3*p + 3*q - 30. What are the prime factors of p?
2, 3
Let a = 13 + -1. What are the prime factors of a?
2, 3
Suppose 5*f = 3*r + 23, 5*r = 3*f - 0*f - 17. List the prime factors of f.
2
Suppose -2*k = -5*w + 2*k + 409, 4*k + 247 = 3*w. What are the prime factors of w?
3
Let q(d) be the third derivative of d**5/120 - d**4/12 + d**3/6 - d**2. Let l(b) be the first derivative of q(b). List the prime factors of l(10).
2
Let d(t) = -59*t**3 + t**2 - t. Let q be d(1). Let o = -21 - q. List the prime factors of o.
2, 19
What are the prime factors of (-4 - -56) + -4 + 1?
7
Let f = -2 - -9. List the prime factors of f.
7
Let f be (-14)/3*(-10 - -13). Suppose 4*g + 0*g + 4 = 0. Let j = g - f. List the prime factors of j.
13
Let l(d) = -d**2 + 4*d. Let v be l(3). Suppose w = 5*u - 15, 0*u - v*w - 17 = -u. Suppose -3*z + 3*q + 0 = -6, 0 = u*q - 10. List the prime factors of z.
7
Let l(q) = 5*q**2 - 5*q - 10. List the prime factors of l(5).
2, 3, 5
Suppose 13 = m - 5*k, -3*m + 2*k = -k - 15. Suppose u = -3*u - 5*h + 56, -5*u + 70 = m*h. What are the prime factors of u?
2, 7
Let b = 0 - 4. Let m be (-1 - b)/(-6 + 7). Let g(w) = 3*w**2 - 5*w + 4. List the prime factors of g(m).
2
Suppose -1 = 4*n - 37. Suppose -b = r - n + 2, 3*r + 6 = 0. What are the prime factors of b?
3
Suppose -27 - 8 = -5*q. Let b = q - 4. What are the prime factors of b?
3
Let h = 2 + -2. Let r be (-8)/10*(h - 10). Suppose -2*o + 16 + r = -z, 0 = o - 3*z - 7. What are the prime factors of o?
13
Let d be -3*1*(-153)/27. Let y = -15 + d. List the prime factors of y.
2
What are the prime factors of (4/(-6))/((-4)/78)?
13
Suppose -97*h + 1325 = -92*h. List the prime factors of h.
5, 53
Let y = -11 + 22. List the prime factors of y.
11
Let t = 8 + -5. Suppose -2*k = -j, t*j - 4*k = -0*j + 2. What are the prime factors of j?
2
What are the prime factors of (-2 - 11/(-4))/(2/552)?
3, 23
Let g = -26 + 17. Let c be 8/(-6)*g/6. Suppose -c*z = z - 33. What are the prime factors of z?
11
Let w(x) = 21*x - 1. Let z(m) = m. Let d(k) = w(k) - 5*z(k). What are the prime factors of d(1)?
3, 5
Suppose -4*o - 2*r + 118 = 0, o + 3*r - 7*r = 52. Suppose -3*h - 3 = 0, 2*h + 2*h + o = 4*t. List the prime factors of t.
7
Let k(h) = -2*h**3 + h**2 + 3*h + 1. Let u be -3*3/(-9)*-2. List the prime factors of k(u).
3, 5
Suppose 10 - 2 = 4*t. Let o(y) = -y**2 + 7*y - 4. Let d be o(5). Suppose -t*l + 6 + d = 0. What are the prime factors of l?
2, 3
Let p(d) = -d**2 - d + 3. List the prime factors of p(0).
3
Let h = -373 - -569. What are the prime factors of h?
2, 7
Let b(r) = 12*r**2 - 3*r - 2. Suppose o = 2*i, 5*o = 3*i - 5 - 2. What are the prime factors of b(i)?
13
Let q = 11 - 6. Suppose q = -j, -3*r = 2*j + 4 + 12. What are the prime factors of (-2*(12 + -1))/r?
11
What are the prime factors of (-252)/(-5) + (-12)/(-20)?
3, 17
Suppose 0 = 3*n - 3*c - 6, n + 10 = -0*n + 5*c. Suppose 0 = 5*z + n*w - 65, w = -4*w - 20. List the prime factors of z.
17
Let k = 17 + -12. Suppose -8 = 2*p + p - k*j, -p = -3*j + 8. Suppose -p*i + 5 = -39. List the prime factors of i.
11
Suppose -3*b - b = -12. Suppose 5*w + 4*z = 5*z + 143, 81 = b*w + z. List the prime factors of w.
2, 7
Let n(i) = 7*i + 6. List the prime factors of n(6).
2, 3
List the prime factors of 70 + -2 + -2 + 6.
2, 3
Let j(i) = 3*i**3 + 2*i**2 + i - 1. What are the prime factors of j(2)?
3, 11
Suppose 2*z = 7*z - 230. Suppose 5*u - 34 = z. Suppose 3*c - u = -4. List the prime factors of c.
2
Let b(h) be the third derivative of h**6/60 - h**5/10 + h**4/8 + 2*h**3/3 - 2*h**2. Let u be b(4). Let c = u - 34. What are the prime factors of c?
2, 7
Let t = -5 + 6. Let l be (2/4*0)/t. Suppose l = -2*h - 0*h + 4. What are the prime factors of h?
2
Suppose -2*h + 0*h + 2 = 0. Let m(d) = -1 + 9*d - 1 - d**2 - h - 3*d. What are the prime factors of m(4)?
5
Let g be ((-4)/3)/(4/(-6)). Let r(k) = -4*k. Let b be r(-1). Suppose -b*w + 42 = g*x - 12, 0 = 4*w + 5*x - 63. List the prime factors of w.
2, 3
Suppose 4*y - 64 = 2*v, -4*y - 4*v - 31 = -107. Let k = 22 + y. Suppose 5*q + x - 5*x = 36, -5*q + k = -x. List the prime factors of q.
2
Let q = -9 - -7. Let i be -1*(0 + (-2)/(-1)). List the prime factors of 9 + (i + 1)*q.
11
Let o(u) = -7*u**3 - 2*u - 1. Let r be o(-5). List the prime factors of (-1)/(-2)*r/13.
2, 17
Let s(k) = 4*k - 6. Let z be s(4). Let f = z + 4. List the prime factors of f.
2, 7
Suppose 4*y = 324 + 124. List the prime factors of y.
2, 7
Let t(o) be the third derivative of -o**5/60 - 5*o**4/24 + o**3/3 + 2*o**2. List the prime factors of t(-4).
2, 3
Suppose -5*w - u - 263 = 0, 3*u = -3*w - 0*u - 153. Let m = w - -88. What are the prime factors of m?
5, 7
Let n(w) = -4*w - 1. Let h(c) = 1 + 1 + 3*c - 5*c. Let v be h(2). What are the prime factors of n(v)?
7
Let g(p) = 2*p - 10. Let i(h) = 2*h - 9. Suppose k + 4 = -3*f, -3*f - 1 + 13 = 3*k. Let y be i(k). What are the prime factors of g(y)?
2
Let a = 19 + -12. Suppose 0 = a*v - 2*v - 15. Suppose -v*f + h = -3*h - 23, 27 = 3*f - 3*h. What are the prime factors of f?
13
Suppose 3*o + 4*j - 37 = 0, 8 = -5*j - 17. What are the prime factors of o?
19
Let k be (8/20)/((-2)/(-20)). Let m(y) = 2*y - 1 - k + 5*y + y**2. What are the prime factors of m(-8)?
3
Suppose -3*r - 2*r = 4*s - 1200, 0 = r + 3*s - 251. List the prime factors of r.
2, 59
Let p be 5 + (0 - 2 - -2). Suppose 25 = 2*l - 3*q, 4*l + 4*q + p = -q. Suppose 0*c - 21 = -2*c - 5*a, -l*a = 3*c - 34. List the prime factors of c.
13
Suppose -2*f + 3*a = -1, 0 = f - 3*a + 1 - 0. List the prime factors of f.
2
Suppose -2 = -4*n + 5*d + 6, -d = 0. List the prime factors of n.
2
Let c(z) = 4*z - 1. Let l(b) = 3*b**2. Let t be l(1). List the prime factors of c(t).
11
Let z(h) = 3*h**2 - 4*h - 1. What are the prime factors of z(-5)?
2, 47
Let w be 8*1 + (-7)/(-7). Suppose -2*s + 23 = -w. What are the prime factors of s?
2
Suppose -5*f + 21 = 1. Let u = 20 - 14. Suppose u = f*z - z. List the prime factors of z.
2
Let h = -17 + 46. Let c = 55 - h. What are the prime factors of c?
2, 13
Let o = 51 - 30. Suppose 0*h = -h - o. Let r = 32 + h. List the prime factors of r.
11
Suppose -5*y + 5*h = -38 - 7, -35 = -3*y + 5*h. Suppose -3*p + 0 = -4*s + 17, y*s = -3*p + 1. Suppose s*r - 9 - 9 = 0. List the prime factors of r.
3
Suppose -6*i = -5*i - 5. Suppose -j + i = -0*j. Suppose 2*g = 5*d - 57, -17 = -5*d - j*g + 33. What are the prime factors of d?
11
Let r be 1 - -1 - 14/7. Suppose 4 = p - r. What are the prime factors of p?
2
Let i(f) = f**2 + 4. Let x be i(0). Suppose x = 4*k - 0. Suppose -k + 10 = w. What are the prime factors of w?
3
Let a(t) be the second derivative of -2*t**5/5 + t**3/6 + t**2/2 - 6*t. List the prime factors